s digit of 19842383?
8
What is the tens digit of 85591?
9
What is the hundreds digit of 105268?
2
What is the millions digit of 3975267?
3
What is the thousands digit of 500756?
0
What is the tens digit of 370705?
0
What is the units digit of 481705?
5
What is the hundreds digit of 7205286?
2
What is the hundred thousands digit of 4164128?
1
What is the thousands digit of 4244205?
4
What is the hundreds digit of 22289992?
9
What is the thousands digit of 1579762?
9
What is the millions digit of 6154610?
6
What is the hundreds digit of 458386?
3
What is the tens digit of 544770?
7
What is the tens digit of 256269?
6
What is the millions digit of 2151575?
2
What is the millions digit of 13909949?
3
What is the hundred thousands digit of 20792301?
7
What is the thousands digit of 3862158?
2
What is the thousands digit of 9780059?
0
What is the hundreds digit of 33783?
7
What is the ten thousands digit of 87906?
8
What is the hundred thousands digit of 25506057?
5
What is the hundred thousands digit of 101291?
1
What is the hundreds digit of 206769?
7
What is the hundreds digit of 4385381?
3
What is the units digit of 1077400?
0
What is the ten thousands digit of 191927?
9
What is the tens digit of 924045?
4
What is the thousands digit of 5664105?
4
What is the hundred thousands digit of 128782?
1
What is the tens digit of 9741213?
1
What is the tens digit of 67545?
4
What is the thousands digit of 848011?
8
What is the tens digit of 245509?
0
What is the hundred thousands digit of 132379?
1
What is the hundred thousands digit of 466345?
4
What is the units digit of 163917?
7
What is the hundred thousands digit of 313669?
3
What is the tens digit of 6267596?
9
What is the millions digit of 5197272?
5
What is the tens digit of 8249648?
4
What is the units digit of 18024630?
0
What is the ten thousands digit of 1277205?
7
What is the hundreds digit of 3171155?
1
What is the hundred thousands digit of 7837570?
8
What is the hundreds digit of 22035?
0
What is the units digit of 5755897?
7
What is the ten thousands digit of 118480?
1
What is the ten thousands digit of 537494?
3
What is the hundreds digit of 533053?
0
What is the tens digit of 9596565?
6
What is the hundreds digit of 12113070?
0
What is the hundred thousands digit of 2207281?
2
What is the ten thousands digit of 577087?
7
What is the tens digit of 1670204?
0
What is the hundred thousands digit of 118249?
1
What is the units digit of 230734?
4
What is the units digit of 2377352?
2
What is the hundreds digit of 412005?
0
What is the tens digit of 38692?
9
What is the hundreds digit of 2119761?
7
What is the ten thousands digit of 108615?
0
What is the hundreds digit of 417009?
0
What is the thousands digit of 1112158?
2
What is the hundreds digit of 7306108?
1
What is the tens digit of 180092?
9
What is the hundred thousands digit of 2892942?
8
What is the hundreds digit of 924221?
2
What is the ten thousands digit of 1011931?
1
What is the millions digit of 5695913?
5
What is the tens digit of 3659063?
6
What is the hundreds digit of 362049?
0
What is the tens digit of 713491?
9
What is the tens digit of 67806?
0
What is the thousands digit of 225147?
5
What is the ten millions digit of 12148388?
1
What is the hundred thousands digit of 15597626?
5
What is the hundreds digit of 1823894?
8
What is the hundred thousands digit of 198132?
1
What is the units digit of 9315853?
3
What is the tens digit of 101958?
5
What is the hundred thousands digit of 2051512?
0
What is the ten thousands digit of 3886260?
8
What is the hundred thousands digit of 4083851?
0
What is the units digit of 328304?
4
What is the units digit of 355481?
1
What is the units digit of 827895?
5
What is the hundred thousands digit of 229795?
2
What is the thousands digit of 256972?
6
What is the hundred thousands digit of 375461?
3
What is the ten thousands digit of 805418?
0
What is the ten thousands digit of 178702?
7
What is the units digit of 1515872?
2
What is the ten thousands digit of 17208374?
0
What is the tens digit of 30689?
8
What is the tens digit of 2573551?
5
What is the units digit of 336913?
3
What is the hundreds digit of 717?
7
What is the units digit of 248379?
9
What is the ten thousands digit of 17739774?
3
What is the units digit of 167409?
9
What is the ten thousands digit of 851421?
5
What is the tens digit of 501484?
8
What is the hundreds digit of 708467?
4
What is the thousands digit of 1302727?
2
What is the tens digit of 4764523?
2
What is the thousands digit of 31962?
1
What is the units digit of 7805917?
7
What is the thousands digit of 3697632?
7
What is the ten thousands digit of 6917898?
1
What is the tens digit of 110559?
5
What is the tens digit of 1525215?
1
What is the ten thousands digit of 2430123?
3
What is the ten thousands digit of 680214?
8
What is the hundreds digit of 669677?
6
What is the units digit of 196525?
5
What is the thousands digit of 1494051?
4
What is the units digit of 752935?
5
What is the ten thousands digit of 305843?
0
What is the tens digit of 7856113?
1
What is the units digit of 714950?
0
What is the tens digit of 211730?
3
What is the hundred thousands digit of 1155265?
1
What is the hundred thousands digit of 3426738?
4
What is the units digit of 1916805?
5
What is the thousands digit of 9424037?
4
What is the units digit of 111094?
4
What is the ten thousands digit of 102985?
0
What is the hundred thousands digit of 140538?
1
What is the thousands digit of 310284?
0
What is the ten thousands digit of 279692?
7
What is the hundred thousands digit of 1102353?
1
What is the ten thousands digit of 16727540?
2
What is the tens digit of 20070993?
9
What is the units digit of 41940225?
5
What is the thousands digit of 216939?
6
What is the millions digit of 4755161?
4
What is the hundred thousands digit of 9957856?
9
What is the tens digit of 1413506?
0
What is the hundreds digit of 1354286?
2
What is the thousands digit of 821664?
1
What is the thousands digit of 26063552?
3
What is the hundred thousands digit of 652631?
6
What is the hundreds digit of 925?
9
What is the ten thousands digit of 1010668?
1
What is the tens digit of 18897?
9
What is the thousands digit of 12414753?
4
What is the ten thousands digit of 2409872?
0
What is the hundreds digit of 4557413?
4
What is the thousands digit of 17830926?
0
What is the units digit of 5306791?
1
What is the hundreds digit of 1291669?
6
What is the units digit of 1936623?
3
What is the thousands digit of 14900462?
0
What is the ten thousands digit of 5925810?
2
What is the thousands digit of 254202?
4
What is the tens digit of 85909?
0
What is the hundred thousands digit of 6601411?
6
What is the hundreds digit of 585203?
2
What is the units digit of 1268486?
6
What is the ten thousands digit of 8925042?
2
What is the hundreds digit of 78819?
8
What is the hundreds digit of 1976232?
2
What is the hundreds digit of 403336?
3
What is the thousands digit of 5790653?
0
What is the thousands digit of 1370388?
0
What is the units digit of 10599648?
8
What is the tens digit of 282344?
4
What is the thousands digit of 32277093?
7
What is the tens digit of 18344232?
3
What is the hundreds digit of 121143?
1
What is the hundred thousands digit of 1943060?
9
What is the units digit of 12196645?
5
What is the tens digit of 502409?
0
What is the hundreds digit of 775249?
2
What is the thousands digit of 1319982?
9
What is the ten millions digit of 36048251?
3
What is the tens digit of 21066?
6
What is the units digit of 615332?
2
What is the hundred thousands digit of 1147024?
1
What is the tens digit of 1244079?
7
What is the millions digit of 3045531?
3
What is the units digit of 183149?
9
What is the millions digit of 5118180?
5
What is the thousands digit of 4714968?
4
What is the tens digit of 3345703?
0
What is the millions digit of 5226487?
5
What is the tens digit of 4795294?
9
What is the ten thousands digit of 820841?
2
What is the ten thousands digit of 7740208?
4
What is the hundreds digit of 1095389?
3
What is the hundred thousands digit of 6038983?
0
What is the tens digit of 21000437?
3
What is the thousands digit of 27726?
7
What is the ten thousands digit of 28563261?
6
What is the units digit of 2584